{"id":212,"date":"2022-06-26T11:33:31","date_gmt":"2022-06-26T11:33:31","guid":{"rendered":"http:\/\/monatravelsusa.com\/?page_id=212"},"modified":"2022-07-21T11:31:30","modified_gmt":"2022-07-21T11:31:30","slug":"prima-di-partire","status":"publish","type":"page","link":"https:\/\/sognoamericano.org\/index.php\/prima-di-partire\/","title":{"rendered":"PRIMA DI PARTIRE"},"content":{"rendered":"<div class=\"gb-grid-wrapper gb-grid-wrapper-5219eb17\">\n<div class=\"gb-grid-column gb-grid-column-5eb8082e\"><div class=\"gb-container gb-container-5eb8082e\"><div class=\"gb-inside-container\">\n\n<div class=\"wp-block-media-text alignfull is-stacked-on-mobile\" style=\"grid-template-columns:29% auto\"><figure class=\"wp-block-media-text__media\"><img loading=\"lazy\" width=\"1024\" height=\"803\" src=\"http:\/\/monatravelsusa.com\/wp-content\/uploads\/2022\/06\/passport-159592_1280-1024x803.png\" alt=\"\" class=\"wp-image-213 size-full\" srcset=\"https:\/\/sognoamericano.org\/wp-content\/uploads\/2022\/06\/passport-159592_1280-1024x803.png 1024w, https:\/\/sognoamericano.org\/wp-content\/uploads\/2022\/06\/passport-159592_1280-300x235.png 300w, https:\/\/sognoamericano.org\/wp-content\/uploads\/2022\/06\/passport-159592_1280-768x602.png 768w, https:\/\/sognoamericano.org\/wp-content\/uploads\/2022\/06\/passport-159592_1280.png 1280w\" sizes=\"(max-width: 1024px) 100vw, 1024px\" \/><\/figure><div class=\"wp-block-media-text__content\">\n<p><\/p>\n\n\n\n<p class=\"has-text-align-right\"><em>Prima del viaggio si scrutano gli orari,<br>le coincidenze, le soste, le pernottazioni<br>e le prenotazioni (di camere con bagno<br>o doccia, a un letto o due o addirittura un flat);<br>si consultano le guide Hachette e quelle dei musei,<br>si cambiano valute, si dividono<br>franchi da escudos, rubli da copechi;<br>prima del viaggio s&#8217;informa<br>qualche amico o parente, si controllano<br>valige e passaporti, si completa<br>il corredo, si acquista un supplemento<br>di lamette da barba, eventualmente<br>si d\u00e0 un&#8217;occhiata al testamento, pura<br>scaramanzia perch\u00e9 i disastri aerei<br>in percentuale sono nulla;<br>prima<br>del viaggio si \u00e8 tranquilli ma si sospetta che<br>il saggio non si muova e che il piacere<br>di ritornare costi uno sproposito.<br>E poi si parte e tutto \u00e8 O.K. e tutto<br>\u00e8 per il meglio e inutile.<br>E ora, che ne sar\u00e0<br>del mio viaggio?<br>Troppo accuratamente l&#8217;ho studiato<br>senza saperne nulla. Un imprevisto<br>\u00e8 la sola speranza. Ma mi dicono<br>che \u00e8 una stoltezza dirselo.<\/em><\/p>\n\n\n\n<p class=\"has-text-align-right\"><strong>PRIMA DEL VIAGGIO <\/strong>&#8211; Eugenio Montale<\/p>\n<\/div><\/div>\n\n<\/div><\/div><\/div>\n<\/div>\n\n<div class=\"gb-grid-wrapper gb-grid-wrapper-0d3b5886\">\n<div class=\"gb-grid-column gb-grid-column-b97015ca\"><div class=\"gb-container gb-container-b97015ca\"><div class=\"gb-inside-container\">\n\n<figure class=\"gb-block-image gb-block-image-f6192a77\"><a href=\"https:\/\/sognoamericano.org\/index.php\/documenti\/\"><img loading=\"lazy\" width=\"304\" height=\"303\" class=\"gb-image gb-image-f6192a77\" src=\"http:\/\/monatravelsusa.com\/wp-content\/uploads\/2022\/06\/DOCUMENTI.png\" alt=\"\" title=\"DOCUMENTI\" srcset=\"https:\/\/sognoamericano.org\/wp-content\/uploads\/2022\/06\/DOCUMENTI.png 304w, https:\/\/sognoamericano.org\/wp-content\/uploads\/2022\/06\/DOCUMENTI-300x300.png 300w, https:\/\/sognoamericano.org\/wp-content\/uploads\/2022\/06\/DOCUMENTI-150x150.png 150w\" sizes=\"(max-width: 304px) 100vw, 304px\" \/><\/a><\/figure>\n\n<\/div><\/div><\/div>\n\n<div class=\"gb-grid-column gb-grid-column-1de4cc05\"><div class=\"gb-container gb-container-1de4cc05\"><div class=\"gb-inside-container\">\n\n<figure class=\"gb-block-image gb-block-image-bac0ec1e\"><a href=\"http:\/\/sognoamericano.org\/index.php\/assicurazione-sanitaria\/\" target=\"_blank\" rel=\"noopener noreferrer\"><img loading=\"lazy\" width=\"304\" height=\"303\" class=\"gb-image gb-image-bac0ec1e\" src=\"http:\/\/monatravelsusa.com\/wp-content\/uploads\/2022\/06\/ASSICURAZIONESANITAR-1.png\" alt=\"\" title=\"ASSICURAZIONESANITAR-1\" srcset=\"https:\/\/sognoamericano.org\/wp-content\/uploads\/2022\/06\/ASSICURAZIONESANITAR-1.png 304w, https:\/\/sognoamericano.org\/wp-content\/uploads\/2022\/06\/ASSICURAZIONESANITAR-1-300x300.png 300w, https:\/\/sognoamericano.org\/wp-content\/uploads\/2022\/06\/ASSICURAZIONESANITAR-1-150x150.png 150w\" sizes=\"(max-width: 304px) 100vw, 304px\" \/><\/a><\/figure>\n\n<\/div><\/div><\/div>\n\n<div class=\"gb-grid-column gb-grid-column-d10a881c\"><div class=\"gb-container gb-container-d10a881c\"><div class=\"gb-inside-container\">\n\n<figure class=\"gb-block-image gb-block-image-f8ffeb83\"><a href=\"http:\/\/sognoamericano.org\/index.php\/transfer-dallaeroporto\/\" target=\"_blank\" rel=\"noopener noreferrer\"><img loading=\"lazy\" width=\"304\" height=\"303\" class=\"gb-image gb-image-f8ffeb83\" src=\"http:\/\/monatravelsusa.com\/wp-content\/uploads\/2022\/06\/TRANSFERDAAEROPORTO.png\" alt=\"\" title=\"TRANSFERDAAEROPORTO\" srcset=\"https:\/\/sognoamericano.org\/wp-content\/uploads\/2022\/06\/TRANSFERDAAEROPORTO.png 304w, https:\/\/sognoamericano.org\/wp-content\/uploads\/2022\/06\/TRANSFERDAAEROPORTO-300x300.png 300w, https:\/\/sognoamericano.org\/wp-content\/uploads\/2022\/06\/TRANSFERDAAEROPORTO-150x150.png 150w\" sizes=\"(max-width: 304px) 100vw, 304px\" \/><\/a><\/figure>\n\n<\/div><\/div><\/div>\n\n<div class=\"gb-grid-column gb-grid-column-529b47ae\"><div class=\"gb-container gb-container-529b47ae\"><div class=\"gb-inside-container\">\n\n<figure class=\"gb-block-image gb-block-image-f8c72fa9\"><a href=\"http:\/\/sognoamericano.org\/index.php\/scelta-dellalloggio\/\" target=\"_blank\" rel=\"noopener noreferrer\"><img loading=\"lazy\" width=\"304\" height=\"303\" class=\"gb-image gb-image-f8c72fa9\" src=\"http:\/\/monatravelsusa.com\/wp-content\/uploads\/2022\/06\/DOVEALLOGGIARE.png\" alt=\"\" title=\"DOVEALLOGGIARE\" srcset=\"https:\/\/sognoamericano.org\/wp-content\/uploads\/2022\/06\/DOVEALLOGGIARE.png 304w, https:\/\/sognoamericano.org\/wp-content\/uploads\/2022\/06\/DOVEALLOGGIARE-300x300.png 300w, https:\/\/sognoamericano.org\/wp-content\/uploads\/2022\/06\/DOVEALLOGGIARE-150x150.png 150w\" sizes=\"(max-width: 304px) 100vw, 304px\" \/><\/a><\/figure>\n\n<\/div><\/div><\/div>\n\n<div class=\"gb-grid-column gb-grid-column-1cca02d6\"><div class=\"gb-container gb-container-1cca02d6\"><div class=\"gb-inside-container\">\n\n<figure class=\"gb-block-image gb-block-image-819bda89\"><a href=\"http:\/\/sognoamericano.org\/index.php\/ny-pass\/\" target=\"_blank\" rel=\"noopener noreferrer\"><img loading=\"lazy\" width=\"304\" height=\"303\" class=\"gb-image gb-image-819bda89\" src=\"http:\/\/monatravelsusa.com\/wp-content\/uploads\/2022\/06\/NEWYORKCITYPASS.png\" alt=\"\" title=\"NEWYORKCITYPASS\" srcset=\"https:\/\/sognoamericano.org\/wp-content\/uploads\/2022\/06\/NEWYORKCITYPASS.png 304w, https:\/\/sognoamericano.org\/wp-content\/uploads\/2022\/06\/NEWYORKCITYPASS-300x300.png 300w, https:\/\/sognoamericano.org\/wp-content\/uploads\/2022\/06\/NEWYORKCITYPASS-150x150.png 150w\" sizes=\"(max-width: 304px) 100vw, 304px\" \/><\/a><\/figure>\n\n<\/div><\/div><\/div>\n\n<div class=\"gb-grid-column gb-grid-column-d8aa5d21\"><div class=\"gb-container gb-container-d8aa5d21\"><div class=\"gb-inside-container\">\n\n<figure class=\"gb-block-image gb-block-image-91d11efe\"><a href=\"http:\/\/sognoamericano.org\/index.php\/cambiare-i-dollari\/\" target=\"_blank\" rel=\"noopener noreferrer\"><img loading=\"lazy\" width=\"304\" height=\"303\" class=\"gb-image gb-image-91d11efe\" src=\"http:\/\/monatravelsusa.com\/wp-content\/uploads\/2022\/06\/CAMBIAREIDOLLARI.png\" alt=\"\" title=\"CAMBIAREIDOLLARI\" srcset=\"https:\/\/sognoamericano.org\/wp-content\/uploads\/2022\/06\/CAMBIAREIDOLLARI.png 304w, https:\/\/sognoamericano.org\/wp-content\/uploads\/2022\/06\/CAMBIAREIDOLLARI-300x300.png 300w, https:\/\/sognoamericano.org\/wp-content\/uploads\/2022\/06\/CAMBIAREIDOLLARI-150x150.png 150w\" sizes=\"(max-width: 304px) 100vw, 304px\" \/><\/a><\/figure>\n\n<\/div><\/div><\/div>\n<\/div>","protected":false},"excerpt":{"rendered":"","protected":false},"author":1,"featured_media":0,"parent":0,"menu_order":0,"comment_status":"closed","ping_status":"closed","template":"","meta":{"om_disable_all_campaigns":false,"_monsterinsights_skip_tracking":false,"_monsterinsights_sitenote_active":false,"_monsterinsights_sitenote_note":"","_monsterinsights_sitenote_category":0},"aioseo_notices":[],"_links":{"self":[{"href":"https:\/\/sognoamericano.org\/index.php\/wp-json\/wp\/v2\/pages\/212"}],"collection":[{"href":"https:\/\/sognoamericano.org\/index.php\/wp-json\/wp\/v2\/pages"}],"about":[{"href":"https:\/\/sognoamericano.org\/index.php\/wp-json\/wp\/v2\/types\/page"}],"author":[{"embeddable":true,"href":"https:\/\/sognoamericano.org\/index.php\/wp-json\/wp\/v2\/users\/1"}],"replies":[{"embeddable":true,"href":"https:\/\/sognoamericano.org\/index.php\/wp-json\/wp\/v2\/comments?post=212"}],"version-history":[{"count":28,"href":"https:\/\/sognoamericano.org\/index.php\/wp-json\/wp\/v2\/pages\/212\/revisions"}],"predecessor-version":[{"id":1699,"href":"https:\/\/sognoamericano.org\/index.php\/wp-json\/wp\/v2\/pages\/212\/revisions\/1699"}],"wp:attachment":[{"href":"https:\/\/sognoamericano.org\/index.php\/wp-json\/wp\/v2\/media?parent=212"}],"curies":[{"name":"wp","href":"https:\/\/api.w.org\/{rel}","templated":true}]}}